).
-4
Let r(f) be the second derivative of -17*f - 7/2*f**2 + 0 + 1/6*f**3. Determine r(0).
-7
Let q(v) be the third derivative of -v**6/120 + 3*v**5/20 + 5*v**4/24 + v**3 + 737*v**2. Determine q(9).
51
Let x(t) = 2*t**2 - 7*t + 1. Let d(h) = h**2 + 9*h - 17. Let i(r) = -2*r - 38. Let z be i(-17). Let y be z/5 - (-204)/(-20). Let s be d(y). Calculate x(s).
16
Let u(y) = -60*y + 26*y + 26*y. Suppose -23*a + 3 = -26*a. Determine u(a).
8
Let y be (257 - 3) + -1 - -1. Let d(t) = -4*t**3 + 5*t**3 - y*t + 3 - 6*t**2 + 257*t. Let m(x) = -3*x - 4. Let b be m(-3). What is d(b)?
-7
Suppose 26*m = 8*m - 90. Let q(i) = 20*i + 110. What is q(m)?
10
Let g(x) = -x**3 + x**2 + 8*x - 2. Let v(n) = -64*n - 1923. Let b be v(-30). What is g(b)?
10
Let b be 6 - (6 + -11 + 10). Let z(v) = -2*v. Let p(o) = o. Let d(g) = -g**2 + 6*g + 1. Let y be d(6). Let t(a) = y*z(a) + p(a). Determine t(b).
-1
Suppose 0 = v - 12 + 9. Let r(t) = -t + 0*t + v - 2*t + 5*t. Let c(n) = -4*n - 30. Let i be c(-7). Determine r(i).
-1
Let s(a) = -14*a - 67. Suppose 8*w + 335 = -39*w - 20*w. Calculate s(w).
3
Let u(a) be the second derivative of 14 + 0*a**2 + 3*a + 1/10*a**5 + 1/6*a**3 + 0*a**4. Calculate u(1).
3
Let w(o) be the first derivative of 9*o**2/2 - 9*o + 2037. Determine w(-2).
-27
Let o(a) = 2*a**2 + a - 1. Let d be 0 + (-56)/20 - (-4)/5. Let v be -2 + d + (5 - 1). Suppose v = 5*b - b + 8. What is o(b)?
5
Let d(n) = -23*n - 361. Suppose -152*w + 77*w - 48 = -72*w. What is d(w)?
7
Let i(o) = 4*o**2 - 19*o + 63. Let z(q) = 3*q**2 - 18*q + 56. Let p(a) = -6*i(a) + 7*z(a). Determine p(-5).
-1
Let k(v) = -30 - 2*v**2 - 27 - 25 + 2*v**3 + 81 - v. Let f(l) = -3*l - 64. Let o be f(-22). Calculate k(o).
5
Let d(o) = -20*o**3 + 19*o**2 - 7*o - 17. Let s(v) = 11*v**3 - 10*v**2 + 3*v + 10. Let i(j) = -5*d(j) - 9*s(j). Determine i(4).
11
Suppose 27*l - 8920 = -7759. Let s(w) = 3*w**3 - 128*w**2 - 45*w + 91. Calculate s(l).
5
Let y be (-84)/420 - 72/(-10). Let a(v) = y - 12*v + 0*v + 6*v**2 - 3*v**2 - 5*v**2. Calculate a(-6).
7
Let s(a) = -a**2 - 2*a - 28. Let m(v) = 3*v**2 + 4*v + 57. Let x(b) = 2*m(b) + 5*s(b). What is x(6)?
-2
Suppose -4*c + c = -801. Let j(l) = c*l - 130*l - 136*l - 8. What is j(-7)?
-15
Let d(g) = 7*g**2 + 4*g + 4. Let v be d(-6). Let f be -5 + v/20 + (-6)/10. Let w(m) = -m**2 + 6*m + 7. Give w(f).
7
Let a(q) = -q**2 + 16*q - 49. Let u be (2412/1407)/((-8)/(-7) + -1). Calculate a(u).
-1
Let x = 5 + -3. Let l(q) be the second derivative of -1/12*q**4 + 98*q + 0 + 2/3*q**3 - 3/2*q**2. Give l(x).
1
Let m(q) = 7*q**2 + q + 9. Let b be ((-6)/(-3) - -1)/(6/(-8)). Let i(o) = 5*o**2 + 2*o + 8. Let s(x) = b*i(x) + 3*m(x). What is s(8)?
19
Let n(o) = -2*o**2 + 3*o + 10*o - 4 + 0*o + 6*o. Let s be n(9). Let z(g) = 3 - s - 49*g + 50*g - 1. Give z(5).
2
Let k = 3441 + -3446. Suppose -3*h + 19 = 1. Let i(w) = -w**3 - h*w**2 + 9*w - 3*w + 2*w**2. Calculate i(k).
-5
Let r(k) be the third derivative of -k**4/8 - 7*k**3/6 + 2*k**2. Suppose -4*p = 5*a + 7, -3*a - 76*p + 7 = -72*p. Give r(a).
14
Let b(k) = 685 + 668 - 7*k - 2006 + 669. Give b(1).
9
Let w(m) = 3*m**2 + 24*m - 25. Let f(u) = -u**2 - 6*u + 6. Suppose 30*a - 26*a = -8. Let o(c) = a*w(c) - 9*f(c). Calculate o(-3).
5
Suppose 45 = 22*v + 1. Let b be v/(2 + 2)*(-6 - -2). Let z(d) be the first derivative of d**3/3 + 3*d**2 + 3*d - 1. Determine z(b).
-5
Let r(s) = 144*s - 31. Let m(g) = 10*g - 2. Let w(a) = 11*m(a) - r(a). Calculate w(4).
-127
Let z = 149 - 144. Let f(u) = 0 + 43*u - 42*u + z. What is f(4)?
9
Let n = -17953 + 17952. Let m(w) = 16*w**3 + w**2 + 3*w + 2. What is m(n)?
-16
Let b(h) = 2*h - 17. Let p = -23846 + 23853. Calculate b(p).
-3
Let m(u) be the first derivative of -1/3*u**3 - 9/2*u**2 - u + 1. Let l = 19714 + -19722. Give m(l).
7
Let c(o) be the first derivative of o**4/4 - o**3/3 - 13*o**2/2 - 4*o - 38. Let b(s) = -s**3 + 2*s**2 + 12*s + 5. Let h(u) = -5*b(u) - 4*c(u). Determine h(7).
-16
Let g(i) = 96*i + 272. Let m be g(-8). Let b = m + 504. Let y(w) = 4*w - 5. Calculate y(b).
27
Let k be ((-3)/2)/(1/4). Let g(b) be the second derivative of 3 + b - 4/3*b**3 - 1/12*b**4 - 9/2*b**2. Determine g(k).
3
Let s = 114/37 - 499/222. Let v(o) be the second derivative of -1/2*o**2 - 12*o + 1/12*o**4 + s*o**3 + 0. Give v(-6).
5
Let i(l) be the first derivative of -l**3/3 + 2*l**2 + 8*l - 1. Let u be (-93)/(-15) + 7/((-175)/(-20)). Let d be -15*((-28)/10)/u. Give i(d).
-4
Let i(d) = 87*d + 87. Let h(r) = 151*r + 174. Let l(w) = 4*h(w) - 7*i(w). What is l(21)?
-18
Let b(r) = r**3 + 11*r**2 + 6*r - 8. Let v be b(-9). Let q = -1035 - -931. Let h = q + v. Let x(o) = -o**2 - 2*o + 2. Give x(h).
-6
Let z(q) = -5*q**3 + q + 1. Let u(n) = 4*n**3 - 2*n**2 + 4*n - 3. Let x(c) = -u(c) - z(c). What is x(3)?
32
Suppose 2*h - u = -29, 6*h - 3*h + 4*u + 71 = 0. Let q(f) = -3*f - 38. What is q(h)?
13
Let w(m) = m**3 + m**3 + 2*m**2 - m**3. Let d(a) = a**2 + 26*a + 9. Let q be d(-27). Suppose q*z + 24 = 28*z. Determine w(z).
-9
Let x be ((-4)/(-3))/(6/9). Let z(h) = -7*h + 653. Let u(o) = -6*o + 523. Let n(g) = 5*u(g) - 4*z(g). Calculate n(x).
-1
Let h(z) = -z**3 + 3*z**2 - z + 8. Let w be h(0). Suppose -i - 3 = w. Let p(a) = -2*a - 18. Give p(i).
4
Let r(v) = 3*v**2 - 174*v - 17. Let j(d) = d**2 - 37*d - 2. Let q(z) = -5*j(z) + r(z). Give q(3).
8
Suppose 3*x - 3*c = 27, 5*c = 2*x - 3*x + 9. Let l(v) be the third derivative of -v**4/24 + 7*v**3/6 - 9*v**2. What is l(x)?
-2
Let f(s) = -8*s - 145. Let i(u) = 150*u + 10629. Let z be i(-71). What is f(z)?
23
Let h(z) = 14*z + 2*z - 6*z - 11*z + 22*z - 240. Give h(11).
-9
Let s(t) = -5*t**3 - 16*t**2 + 326*t - 5. Let f(g) = 3*g**3 + 8*g**2 - 187*g + 2. Let p(m) = -7*f(m) - 4*s(m). What is p(7)?
90
Let c(n) be the third derivative of 0*n - 2*n**2 - 1/6*n**4 + 1/2*n**3 + 8 - 1/30*n**5. Calculate c(-4).
-13
Let p(n) be the third derivative of n**4/24 - 19*n**3/6 + 2*n**2 + 404*n. Calculate p(-14).
-33
Let s(t) = -14*t + 25. Let p(i) = -2*i**2 - 87*i + 434. Let l be p(-48). Determine s(l).
-3
Let b(m) be the third derivative of m**6/144 - 19*m**5/120 - 7*m**4/4 - 54*m**2. Let y(r) be the second derivative of b(r). Determine y(5).
6
Let p = -1846 - -1844. Let m(l) = 6*l**2 + 14*l + 7. Calculate m(p).
3
Suppose 16*t - 2142 = 9*t. Let o(q) = 0*q**2 + 2*q**2 - t + 13*q + 302 - q**2. Let v(b) = b + 1. Let s(g) = -o(g) + 6*v(g). Determine s(-8).
2
Let x(y) = -2 + 2*y**2 - 6*y - 4*y**2 - 5 - 4*y**2 + 2*y**2. Let f(r) = r**2 - r + 1. Let c = -1 - 0. Let k(b) = c*x(b) - 5*f(b). What is k(11)?
2
Let q be (-2 + (-64)/(-40))*(-140)/(-7). Let i(d) = -d**2 + d**2 + 2*d**2 + 11 + 17*d. Let b be i(q). Let n(a) = -2*a - 1. What is n(b)?
-7
Let a(w) be the third derivative of 7*w**4/12 + 64*w**3/3 + 5296*w**2. Determine a(-9).
2
Let c(t) = 85*t - 2 + 10*t - 17 - 1. Let q(i) = 13*i - 3. Let p(m) = 2*c(m) - 15*q(m). What is p(-4)?
25
Let x(d) = -4*d. Let w(c) = -c**3 - 23*c**2 + 82*c + 51. Let q be w(-27). Let k = q + -749. Give x(k).
-16
Let t(c) = c**3 - 3*c**2 - 5*c + 6. Let b(h) = 2*h**2 + 42*h - 90. Let x be b(-25). Let l = x - 106. Calculate t(l).
2
Suppose -4*z + 52 = 4*r, -3*z + 6*r - 5*r + 51 = 0. Let o(q) = -q**3 + 15*q**2 + 11*q - 13. Determine o(z).
-93
Let s(n) = -n**2 - 7*n. Let v = 25 + -34. Let y be 4 + -7 + 5 + v. Calculate s(y).
0
Let v(m) be the third derivative of m**6/60 - m**5/12 + 5*m**4/24 - m**3/3 - 157*m**2. Give v(2).
4
Let z(a) = a - 3. Suppose 0 = 48*i - 44*i - 168. Suppose -6*g - i = 12. Let m = -13 - g. What is z(m)?
-7
Let r(i) be the third derivative of 0*i + 0 - 1/30*i**5 - 3/40*i**6 + 1/12*i**4 - 1/6*i**3 - 46*i**2. Calculate r(1).
-10
Let t(l) be the second derivative of 14*l**3/3 - l**2/2 - 3*l. Let a(z) = -z**3 + 16*z**2 - 2*z + 33. Let j be a(16). Calculate t(j).
27
Let y(g) be the first derivative of g**5/60 + 5*g**4/24 + g**3/2 - 9*g**2 + g + 60. Let w(l) be the second derivative of y(l). Calculate w(-3).
-3
Let i be (-110)/(-4) + -3 + 3/6. Let j = i - 16. Let x(w) = w**2 - 7*w - 6. Give x(j).
12
Let k be (-8 - 16 - -25)*-5. Let r(z) = -7*z - 42. Give r(k).
-7
Suppose -18*j = -772 + 268. Let y(b) = 29*b**3 - j*b**3 + 3 - 4*b + 15*b**2 - 7*b**2. Calculate y(-8).
35
Suppose 0 = -2*g - f - 3*f + 6, -2*g - 10 = -4*f. Let a be 2/4*(10 + -1 - 3). Let j(s) = -1 + 0*s**a - 7 + 9 + 